ime?
False
Suppose 5*y - 1173 + 118 = 0. Let r = y + -82. Is r a composite number?
True
Suppose 0 = 3*p + 696 - 99. Let s = 48 - p. Is s a prime number?
False
Let z = 2387 + 6144. Is z prime?
False
Let t(r) = r**3 + 9*r**2 + 4. Let l be t(-9). Suppose -5*m + 100 = 5*n, l*m - 89 = n - 2*n. Let x = m + 0. Is x prime?
True
Suppose 5*w + 2*t - 277 = 4175, 0 = 3*t - 3. Suppose -w = -2*z + 408. Is z prime?
False
Suppose u - 1625 = -0*u. Suppose 0 = 14*n - 9*n + u. Let b = 458 + n. Is b composite?
True
Suppose 5*b - z - 119612 = 0, 4*b - z - 34913 = 60776. Is b prime?
False
Suppose 10*b - 19 = 1. Suppose 3*s + b*s = 515. Is s a prime number?
True
Suppose -5*z + 165 = -2*z. Let x be 1/3 - z/(-33). Suppose 2*r + l - 3*l = 582, -l = -x*r + 586. Is r prime?
False
Suppose 177997 = 29*i - 32572. Is i a prime number?
False
Let h = 15231 + 6298. Is h a composite number?
False
Let l = -1 + -8. Let x = l + 34. Suppose 3*j + 4*i - 1763 = 0, -6*i + i + x = 0. Is j a prime number?
False
Let s(v) = 43*v**3 - 3*v**2 - 4*v - 2. Let t be s(-3). Let c be (5499/(-6))/(2/4). Let l = t - c. Is l prime?
False
Suppose 0 = 5*v - 4*r + 17, -v = -3*r + 4*r + 7. Let l(b) = -330*b + 5. Is l(v) composite?
True
Let u(g) = g + 4. Let b be u(-2). Suppose -52 = -b*m + 98. Suppose 2*z = m + 83. Is z composite?
False
Let q(s) = -1869*s + 22. Let u(z) = -z**2 - 16*z - 18. Let a be u(-15). Is q(a) composite?
True
Suppose -4*l = 5*f + 915, 4*f - 5*f - 169 = -2*l. Is -2*f/(-4)*-2 a composite number?
False
Let a be (-33)/(-55) - (-582)/5. Suppose -77 = -p + a. Is p composite?
True
Let q(d) = d**2 - d - 8. Let y be q(4). Suppose y*h + 2*l - l = 736, 2*h + l = 366. Is h a composite number?
True
Suppose 10*r = -5156 + 17826. Is r a prime number?
False
Let c = -10843 + 18517. Is (c/(-15))/((-14)/35) prime?
True
Suppose 9*q = 13*q - 12. Is (-9294)/(-18) + 0 + 2/q composite?
True
Let s be -2 + (-5 - -1 - -7). Let t(f) = f**3 - 3*f**2 + 2*f - 1. Let b be t(s). Is b + 4/4 + 93 composite?
True
Suppose k - 4*k + 2*f - 1672 = 0, 0 = -f + 5. Let o be 807/(-6) - (-2)/(-4). Let y = o - k. Is y a composite number?
False
Let p be 9/3*2/3. Suppose 2*a - 6*a - 338 = -2*y, 0 = p*y + a - 323. Suppose 7*g + 4*q - 118 = 4*g, -3*g + 5*q = -y. Is g prime?
False
Let n = -36 - -28. Let p(u) = -u**3 + 26*u**2 + 22*u - 14. Let x(a) = -a**3 + 13*a**2 + 11*a - 7. Let h(c) = -3*p(c) + 5*x(c). Is h(n) prime?
False
Let p(a) = 17*a**3 + 3*a**2 - 40*a - 5. Is p(9) a composite number?
True
Let b(k) = -90*k + 10. Let n(o) = 180*o - 21. Let f(h) = 5*b(h) + 3*n(h). Is f(5) prime?
False
Let b(x) = 6*x**3 + 2*x**2 + 7*x + 3. Let v(k) = -7*k**3 - k**2 - 8*k - 4. Let q(m) = 4*b(m) + 3*v(m). Let t be q(5). Suppose 5*p = 265 + t. Is p composite?
False
Suppose 4*a + 21 - 66 = 5*m, -4*a = 5*m + 5. Suppose -a*r - 5*b + 1247 = -3*r, -2*r - b + 1259 = 0. Is r prime?
True
Let n be (-25 + -1)/((-4)/2). Suppose n*k - 9 = 10*k. Suppose k*v = 6*v + 9, 4*v - 733 = -y. Is y composite?
True
Let n = 11 + -10. Let p be (29/n)/(-1 - -2). Suppose -p*q = -25*q - 2612. Is q a prime number?
True
Let k = 40761 + -24512. Is k a prime number?
True
Suppose 0 = -2*l - c + 1090 + 531, -4*l + c = -3245. Let f(m) = m**3 + 7*m**2 - m + 6. Let u be f(-10). Let b = l + u. Is b a composite number?
True
Let o be 15754/(-4) - (-6)/(-12). Let p = o + 2361. Is (p/30)/(2/(-10)) a prime number?
True
Suppose 5*r - 9*r = -24. Let o(t) = -2*t**3 + 8*t**2 - 7*t + 7. Let c be o(r). Is (-4 - -9)*c/(-5) a composite number?
False
Let t = 690 - -161. Is t a composite number?
True
Is 160294/5 + (-1)/(-10)*2 composite?
False
Suppose 4*y = -5*s + 10, 5*y + 3 + 1 = 2*s. Let p be s + -2 + (4 - 2). Is (4/p + -3)*-71 composite?
False
Let h(w) = -w**3 - 8*w**2 - 2*w - 8. Let r be h(-8). Suppose 53 = r*y - 7*y. Is y prime?
True
Let d be 6/9 + 26/6. Suppose 5*r = -4*w + 4234, -w - d*r + 2112 = w. Let f = w - 738. Is f prime?
False
Let p(u) = u**3 - 5*u**2 + 3*u - 12. Let m be p(5). Suppose 18 = -m*v + 969. Is v composite?
False
Let m be 56100/(-72) + (-1)/(-6). Let k = m + 1876. Is k prime?
True
Suppose 3*t = -5*r + 22 + 13, -5*r + 5 = -3*t. Suppose 0*x - r*x = -4852. Is x a prime number?
True
Let i be 10*(-3)/6*(-892)/(-10). Let s = i - -625. Is s composite?
False
Let b = 3 + -4. Let a be (2/4)/(b/(-886)). Let i = a - 282. Is i a composite number?
True
Suppose 2*a = 3*y + 6, -3*a = -2*y + a + 4. Is 19/(-5)*((-45)/5 - y) a prime number?
True
Let k = 3 + 1. Suppose k*t - 3*r - 2*r = 501, 3*t - r = 362. Is (t/2)/((-5)/(-10)) a composite number?
True
Let v be (1 - 4) + (42 - -3)/9. Suppose -4*y + y + 1860 = 0. Suppose -y - 1718 = -v*u. Is u a prime number?
False
Is (-7 - -1) + 10221 - 8 a composite number?
True
Suppose -31454 = -2*b + 161*n - 159*n, -3*n = 3*b - 47181. Is b a prime number?
True
Let t(n) = 71*n**2 + 21*n - 241. Is t(10) prime?
True
Let h(v) = 32*v**2 + v + 5. Let k be h(4). Is k/((-19)/5 + 4) a composite number?
True
Suppose 361 = 5*t - 6*t. Let l = t + 618. Is l a prime number?
True
Let k(w) = 13*w**2 + 19*w + 25. Is k(9) a prime number?
True
Let n be 16/(-80) + 51/5. Let o(r) = 3*r**2 - 7. Is o(n) composite?
False
Let t(v) = 2*v - 2*v - v + 2*v + 12. Let b be t(-5). Suppose -b*s + 3*s + 836 = 0. Is s prime?
False
Let u(c) = -c**3 + 3*c**2 + 2*c. Let x be u(3). Let z(t) = -9*t + 2*t + 20 + x*t. Is z(-15) a prime number?
False
Suppose 2*d = 4*d - 912. Suppose -14*c - d = -17*c - 3*u, -3*c - 4*u + 459 = 0. Is c prime?
True
Suppose 3*l + 2*f - f = 33538, 0 = 5*l - 3*f - 55892. Is l a prime number?
False
Suppose -w + 4*h = 3, -3*h + 2*h = 5*w + 15. Is 2*((-1068)/8)/w a composite number?
False
Is ((-15)/60)/((-2)/8) + 32 a prime number?
False
Suppose 32*n + 1475 = 37*n. Is n composite?
True
Let m = 0 + 2. Suppose q = 4*b + 8, -q + 3*b + m = -5. Is 12/q*(0 - -1) a prime number?
True
Let g be 21/28 + 17/4. Suppose 0 = g*i + 377 - 112. Let z = i - -90. Is z a prime number?
True
Let s(t) = -2*t**2 + 22*t + 10. Let q be s(-15). Let c = q - -369. Let l = c + 966. Is l prime?
False
Let z(c) = -c**2 - 6*c + 4105. Is z(0) a composite number?
True
Let h(l) = l + 21. Let t be h(-16). Suppose -t*p + 1027 = -4*g, 3*g = -p + 10 + 184. Is p a composite number?
True
Let l(f) be the first derivative of f**4/4 - 7*f**3/3 - f**2/2 + 6*f - 1. Let h be ((-6)/5)/((-11)/(330/4)). Is l(h) composite?
True
Let j = -308779 - -561690. Is j a composite number?
False
Suppose -5*b - 80183 = -5*t + 4*t, -4*t - 3*b + 320801 = 0. Is t a composite number?
True
Let u(y) = y**3 - 5*y - 3*y**2 - 4*y - 6 + 0. Suppose -5*w + 60 = 5*z, 0 = 2*z + z - 5*w + 4. Is u(z) composite?
False
Is ((-120)/(-36) + -4)/(2/(-68271)) prime?
False
Let g = -213 - -470. Is g prime?
True
Let m(w) = -w**2 + 2*w + 2. Let s be 0*(0 + (-4)/(-8)). Let a be m(s). Suppose -3*g - 4*t + 1183 = 2*g, a*t + 723 = 3*g. Is g prime?
True
Let f(k) = 94*k**2 + 8*k - 1. Let q be f(3). Let y = 54 + q. Is y composite?
True
Let c be (13/(-26))/(1/(-178)). Let d = c - -292. Let p = d + -226. Is p prime?
False
Let c(m) = -3*m. Suppose -4*g = -2 - 14. Let k be c(g). Is ((-34)/6)/(2/k) a prime number?
False
Is (4 + 38772/(-16))/(2/(-8)) composite?
False
Let u(b) = 209*b**3 - 2*b**2 + 2*b - 4. Is u(3) a composite number?
True
Let h(j) = -j**3 - 4*j**2 - 5*j - 3. Let m be h(-3). Suppose -m*x + 236 = -x - o, 2 = o. Is x a composite number?
True
Let o(b) = 28*b + 11. Let i(c) = c**3 - c**2. Let v be i(2). Suppose -3*w + v*a + 11 = 0, 15 + 15 = 2*w + 3*a. Is o(w) a prime number?
True
Suppose c + 3*x = -3 + 22, 0 = 5*c - x - 15. Suppose t = 2*h + 30, 3*t + 2 = -c. Is h/4*838/(-8) a composite number?
False
Suppose 13 = 2*a - 21. Suppose -7*l + 4 = -a. Suppose l*z - z = 46. Is z prime?
True
Suppose 0 = -5*y + 21*y - 126352. Is y a prime number?
False
Suppose -3*n = 2*t - 2270 + 265, 5*t - 5032 = -n. Is t a composite number?
True
Let a be 5*-1*(-1008)/40. Let j = -7 + a. Is j a prime number?
False
Let v(j) = 28*j**2 - 3*j + 9. Let c be ((-8)/7)/(12/(-42)). Is v(c) prime?
False
Let l(j) be the third derivative of j**6/120 + j**5/60 + j**4/8 + 2*j**3 + 35*j**2. Is l(5) a prime number?
False
Suppose 0 = -2*k + 2, 3*k - 2599 - 281 = -3*i. Is i a composite number?
True
Let x = 107 - 38. Suppose 0 = 5*w + 4*q - 1303, 2*q + x + 463 = 2*w. Is w prime?
True
Suppose 13*t - 6*t -